f u.
853
Let g be 1/(3/78) - 4. List the prime factors of 4/g - (-15472)/88.
2, 11
Let d(q) = 2*q**3 + 17*q**2 + 8*q + 4. Let g be d(-8). Suppose 0 = 4*n + 4, -g*x + 2*n + 519 = -n. What are the prime factors of x?
3, 43
Suppose -21*c = 25*c - 70794. List the prime factors of c.
3, 19
Let g(o) = -64 - 38*o + 38 + 37. What are the prime factors of g(-6)?
239
Let h = -23 + 27. Suppose h*m = 5*m - 22. What are the prime factors of m?
2, 11
List the prime factors of (101 - -10)*(-497)/(-21).
37, 71
Let u(r) = r**3 + 21*r**2 - 97*r + 47. List the prime factors of u(-19).
2, 653
Let s(i) = 14*i**2 - 21*i + 132. What are the prime factors of s(7)?
11, 61
Suppose -3*c + 2985 = 2*c. Suppose -4*q + 2*k - 915 + 109 = 0, -3*q + 3*k = c. What are the prime factors of (1/3)/((-2)/q)?
2, 17
Let g = 491 + -257. Suppose g = -13*y + 10*y. Let p = 109 + y. List the prime factors of p.
31
Suppose 3*g - 31 = 5*a, 5*a - 5 = -2*g - 51. Let v be a/(-10) - 96/(-80). Suppose -3*o + 265 = v*o. List the prime factors of o.
53
Suppose 3*f - 5*f - 2*z = -6, 2 = 3*f - 4*z. Suppose -f*b - l = -324, b - 93 = -l + 68. List the prime factors of b.
163
Let r be (3 - 4)/((-2)/4). Suppose l - r = -5. Let c(p) = 2*p**2 + 2*p - 3. List the prime factors of c(l).
3
Suppose 417 = -3*t + 3420. What are the prime factors of t?
7, 11, 13
Suppose -4*g + 2231 + 10385 = 2*r, -4*g + r + 12610 = 0. List the prime factors of g.
3, 1051
Let h(g) be the second derivative of -g**5/20 + g**4/12 + g**3/6 + g**2/2 - 8*g. Let y be h(0). Suppose 85 = 3*p + y. What are the prime factors of p?
2, 7
Let s(j) = j**3 - 4*j**2 - 6*j + 4. Let b be s(5). Let y be -4 - -8 - (1 + b). What are the prime factors of (y - 10)/3 + 36?
2, 17
Let y = 9 - 17. Let x be 21/(-14)*y/6. Suppose 4*a + 55 + 19 = x*t, 5*t + 3*a - 120 = 0. What are the prime factors of t?
3
Let y = 6 - 2. Suppose -2*w + 6 = 0, 0 = -y*d - 0*d + 4*w + 180. What are the prime factors of d?
2, 3
Let u(x) = 2*x**2 + 5*x + 17. Let j be u(-15). Suppose 0 = 2*k + 5*r - 324, -437 = -5*k - 3*r + j. What are the prime factors of k?
167
Let y = -79 - -154. Suppose -3*m - 24 = -2*l, -14 = -5*l - 5*m + m. Suppose j - l*j = -y. List the prime factors of j.
3, 5
Suppose 0*n = -2*n - 5*m + 749, 355 = n - 4*m. What are the prime factors of n?
367
Let o = 46 - 9. Let r = 179 - 176. Let k = o - r. What are the prime factors of k?
2, 17
Let c be (-1)/(-4 + (-109)/(-27)). Let j = -33 - c. Let l(u) = u**3 + 6*u**2 - u + 8. List the prime factors of l(j).
2, 7
Let j be (-6)/7*21*4/(-18). Suppose u + 4*d + 457 = j*u, 4*d - 147 = -u. List the prime factors of u.
151
Suppose 4*h + 2 = -2*o + 14, -2*h + 2*o = 0. Suppose 4*b + 3 = b, -h*g - 3*b + 219 = 0. What are the prime factors of g?
3, 37
Let a(h) = 3*h - 13. Let q be a(7). Let g be (-1)/2 + 1/2. Suppose g = -q*j + 3*j + 30. List the prime factors of j.
2, 3
Suppose -552*w + 1315 = -547*w. What are the prime factors of w?
263
Let y be (4/(16/(-3)))/(6/(-840)). What are the prime factors of (-2)/15 - (-1379)/y?
13
Let h = -20 + 25. Suppose 3*a + 4*g = 212 + 23, -h*g - 10 = 0. What are the prime factors of a?
3
Suppose 3*j - 6 = 0, 3*a + 2*j - 1915 - 1632 = 0. List the prime factors of a.
1181
Let v = 76 + 11. Suppose 0 = 2*h + 43 - v. What are the prime factors of h?
2, 11
Suppose 7*g - 2*g - 21 = k, 2*k - 28 = -4*g. List the prime factors of ((-18)/k)/((-10)/260).
3, 13
Let i be (-390)/40 + 1/(-4). Let r = 12 - i. Suppose 2*d = -5*v - 8 + 48, -r = -3*d + 2*v. List the prime factors of d.
2, 5
Suppose -12*w = -16*w + 2916. What are the prime factors of w?
3
Suppose -3*r + 150 = 2*r. Let p be 6/r + 204/5. Suppose -64 = -5*z + p. What are the prime factors of z?
3, 7
Suppose 0 = 44*w - 52*w + 48320. What are the prime factors of w?
2, 5, 151
Let d(g) = -g**3 - 6*g**2 - 5*g - 4. Suppose 3*a + 3*b = 2*b - 11, 2*a - 10 = -5*b. Let f be d(a). What are the prime factors of (4 - 5 - f) + 62?
5, 13
Let a(r) = -r**3 - 3*r**2 + 2. Let h(k) = k + 2. Let f be h(4). Suppose 2 - f = j. What are the prime factors of a(j)?
2, 3
Suppose -7*b - 2*b + 54 = 0. Suppose 0 = -q - x + b*x + 25, 0 = 3*q - 5*x - 55. What are the prime factors of q?
3, 5
Suppose 0 = 4*b + 20, 5*b + 148 = 4*k - 25. Let r = k - -45. List the prime factors of r.
2, 41
Let y(n) = n**3 + 20*n**2 + 20*n + 23. Let l be y(-19). Let o be 31 + (-8)/l*-2. Suppose 3*s - o = -2*s. List the prime factors of s.
7
Let q(a) = -9*a - 17. Suppose l + 2 = o, -o - 24 = 2*l + o. What are the prime factors of q(l)?
2, 23
Let j = 524 + -379. List the prime factors of j.
5, 29
Let g(z) = z**3 - 7*z**2 - 3*z + 27. Let x be g(7). Suppose x*o - 997 = 263. What are the prime factors of o?
2, 3, 5, 7
Suppose 3*d = a + 8 + 25, -a - d - 25 = 0. Let r = 85 + a. List the prime factors of r.
2, 29
Let c(h) = 7*h - 17. Let l be c(5). Suppose l*x - 56 = 17*x. List the prime factors of x.
2, 7
Let g(j) be the second derivative of j**4/12 + j**3/6 + 37*j**2 - 26*j. What are the prime factors of g(0)?
2, 37
Suppose 5*v + 3*h - 2*h = 4263, 0 = -2*h - 4. What are the prime factors of v?
853
Suppose -281 = 4*x - 1205. What are the prime factors of x?
3, 7, 11
Let b = -69 + 133. Let f = 107 - b. List the prime factors of f.
43
Suppose 40 = 5*l + 4*m, 5*l = 3*m - 8*m + 45. Suppose -l*q = -226 - 234. List the prime factors of q.
5, 23
Suppose -4*p + 7*p = 0. Suppose 4*y + x - 13 = 4*x, 5*x - 25 = p. Let c = y + 29. What are the prime factors of c?
2, 3
List the prime factors of (-1)/(-1) + 5322*(-10)/(-60).
2, 3, 37
Suppose -s = 5*n - 1079, -s + 260 = 3*n - 389. What are the prime factors of n?
5, 43
Let c = -11 - -16. Suppose c*v = 2*v + 4*q + 101, -v + 4*q = -31. What are the prime factors of v?
5, 7
Let s(d) = 17*d + 1 - 12*d - 2*d**2 + 0*d**2 - 4*d**3 + 3*d**3. List the prime factors of s(-4).
13
Let l = 609 - 363. Suppose 4*v - l = -6. What are the prime factors of v?
2, 3, 5
Let m(i) = 2*i**2 - 4*i**3 + 2*i**2 + 3*i**3 + 6*i**2 - 8*i + 8. List the prime factors of m(9).
17
What are the prime factors of 2/(-3) + (-56)/(-84) - -1574?
2, 787
Let k(t) = -5*t**3 + t**2 + t + 3. Let l be k(-2). Let s = l - -2. Suppose 0 = -4*b + 97 + s. What are the prime factors of b?
2, 3
Suppose 0 = 4*n - 5 - 35. Suppose -x - 3*v = x - n, -v = 4*x - 30. What are the prime factors of x?
2
Let t(h) = 426*h**2 + h + 1. List the prime factors of t(-1).
2, 3, 71
Let c(d) be the third derivative of 0*d + 1/24*d**4 + 0 - 5/6*d**3 + 1/60*d**5 + 2*d**2. What are the prime factors of c(-4)?
7
Suppose n = -151 + 171. What are the prime factors of n?
2, 5
Suppose 3*l - 18 - 6 = 0. Let v be ((-6)/(-7))/(l/28). Suppose -3*n + 70 = n + 2*k, 2*n + v*k = 45. List the prime factors of n.
3, 5
Let v = 27 + -24. Let c(t) = 6*t + v - 2*t - 10*t. List the prime factors of c(-4).
3
Suppose -4*h + 4*d + 1991 = 3*d, h - 4*d = 509. Suppose y + h = 8*y. List the prime factors of y.
71
Suppose -376 = o - 5*d - 2926, 5*o - 5*d = 12670. What are the prime factors of o?
2, 5, 11, 23
Let n(b) = -562*b + 165. List the prime factors of n(-4).
19, 127
Let l(c) = 1572*c - 3. Let x be l(3). List the prime factors of (-12)/(-78) - x/(-39).
11
Let m(w) = w**2 + 3*w - 4. Let o be m(-4). Suppose o*y = -y - 2*i + 75, 66 = y - i. What are the prime factors of y?
3, 23
Let o(i) = -i + 1. Let j be o(-6). Suppose 68 = 3*r - j. List the prime factors of r.
5
Let j be (-25)/(-2)*12/10. Suppose 0 = -k - b + 15, -k - 7*b + 3*b = -j. List the prime factors of k.
3, 5
Let j(u) = u**2 - u - 1. Let r be j(3). Suppose -3*s - r*w = -89, s = 4*s + 4*w - 91. List the prime factors of s.
3, 11
Suppose 3*l + 29 = -z - 0*z, -l + 2 = -2*z. Let w(c) = -39*c - 52. List the prime factors of w(l).
2, 5, 13
Suppose 5 + 11 = 4*v. Suppose t + 45 = v*k - 40, -2*k + 4*t = -60. Suppose 25 = z + k. What are the prime factors of z?
5
Suppose 0 = -4*v - 5*p + 796, -3*p = 5*v + p - 1004. Let u = -125 + v. List the prime factors of u.
79
Let h(c) = -c**3 - 14*c**2 - 13*c + 15. Let n be h(-13). Suppose -5*v + 2*v - n = 0, 10 = -3*q - 5*v. Suppose -73 = -q*j + 117. List the prime factors of j.
2, 19
Suppose -g + 46 = 2*g - 4*r, 3*g - 56 = 2*r. Suppose 0 = 3*z - 2*z - 37. Let h = z - g. List the prime factors of h.
3, 5
Suppose 2*v - 10*v = -1216. List the prime factors of v.
2, 19
Let r(k) = 21